s divided by 472.
399
What is the remainder when 541122 is divided by 14?
8
What is the remainder when 249493 is divided by 124743?
7
What is the remainder when 5218 is divided by 60?
58
What is the remainder when 309396 is divided by 455?
451
Calculate the remainder when 10347 is divided by 1283.
83
Calculate the remainder when 1469 is divided by 75.
44
Calculate the remainder when 4096 is divided by 188.
148
What is the remainder when 493 is divided by 20?
13
What is the remainder when 88158 is divided by 329?
315
Calculate the remainder when 1751 is divided by 511.
218
Calculate the remainder when 12160 is divided by 420.
400
What is the remainder when 992050 is divided by 85?
15
What is the remainder when 4061 is divided by 1330?
71
Calculate the remainder when 561203 is divided by 19.
0
What is the remainder when 563 is divided by 218?
127
Calculate the remainder when 19410 is divided by 283.
166
Calculate the remainder when 40697 is divided by 384.
377
Calculate the remainder when 1972 is divided by 13.
9
Calculate the remainder when 1864 is divided by 140.
44
What is the remainder when 8328 is divided by 44?
12
Calculate the remainder when 8921 is divided by 282.
179
Calculate the remainder when 41520 is divided by 8303.
5
What is the remainder when 32637 is divided by 204?
201
Calculate the remainder when 29548 is divided by 5906.
18
Calculate the remainder when 49590 is divided by 64.
54
What is the remainder when 3108 is divided by 220?
28
Calculate the remainder when 14236 is divided by 4745.
1
What is the remainder when 4993 is divided by 287?
114
Calculate the remainder when 11672 is divided by 146.
138
Calculate the remainder when 5506 is divided by 2137.
1232
Calculate the remainder when 594 is divided by 72.
18
What is the remainder when 2498 is divided by 499?
3
Calculate the remainder when 307 is divided by 293.
14
Calculate the remainder when 11672 is divided by 1944.
8
Calculate the remainder when 2783 is divided by 917.
32
Calculate the remainder when 30994 is divided by 337.
327
What is the remainder when 10815 is divided by 493?
462
What is the remainder when 28605 is divided by 61?
57
Calculate the remainder when 145677 is divided by 48539.
60
Calculate the remainder when 19223 is divided by 271.
253
What is the remainder when 7776 is divided by 11?
10
What is the remainder when 15866 is divided by 63?
53
What is the remainder when 38604 is divided by 165?
159
Calculate the remainder when 117054 is divided by 6503.
0
Calculate the remainder when 2733 is divided by 1807.
926
What is the remainder when 1172 is divided by 177?
110
Calculate the remainder when 4837 is divided by 1598.
43
What is the remainder when 290022 is divided by 228?
6
What is the remainder when 52138 is divided by 118?
100
What is the remainder when 28604 is divided by 16?
12
Calculate the remainder when 1135 is divided by 197.
150
Calculate the remainder when 932789 is divided by 510.
509
Calculate the remainder when 44160 is divided by 44156.
4
What is the remainder when 7476 is divided by 56?
28
Calculate the remainder when 310728 is divided by 1098.
1092
What is the remainder when 70541 is divided by 415?
406
Calculate the remainder when 882 is divided by 646.
236
What is the remainder when 22115 is divided by 41?
16
What is the remainder when 5862 is divided by 1710?
732
What is the remainder when 23644 is divided by 674?
54
What is the remainder when 11868 is divided by 2955?
48
Calculate the remainder when 76272 is divided by 135.
132
Calculate the remainder when 445 is divided by 415.
30
What is the remainder when 3271252 is divided by 213?
211
What is the remainder when 1214157 is divided by 2097?
2091
Calculate the remainder when 4278 is divided by 34.
28
What is the remainder when 34316 is divided by 65?
61
What is the remainder when 203054 is divided by 15619?
7
What is the remainder when 8182 is divided by 2038?
30
Calculate the remainder when 15662 is divided by 419.
159
What is the remainder when 1334223 is divided by 177?
174
Calculate the remainder when 48046 is divided by 11.
9
Calculate the remainder when 9217 is divided by 401.
395
What is the remainder when 824 is divided by 70?
54
Calculate the remainder when 7787 is divided by 693.
164
Calculate the remainder when 13055 is divided by 102.
101
What is the remainder when 5224 is divided by 209?
208
Calculate the remainder when 47276 is divided by 4727.
6
What is the remainder when 29759 is divided by 31?
30
What is the remainder when 2182 is divided by 104?
102
Calculate the remainder when 6516 is divided by 176.
4
What is the remainder when 2148213 is divided by 19?
16
What is the remainder when 10075 is divided by 4734?
607
What is the remainder when 38219 is divided by 211?
28
Calculate the remainder when 1897 is divided by 1788.
109
Calculate the remainder when 3871 is divided by 1804.
263
Calculate the remainder when 11526 is divided by 249.
72
Calculate the remainder when 17135 is divided by 120.
95
What is the remainder when 3246 is divided by 19?
16
Calculate the remainder when 1553 is divided by 1534.
19
Calculate the remainder when 80222 is divided by 11.
10
Calculate the remainder when 6581 is divided by 8.
5
What is the remainder when 86451 is divided by 153?
6
What is the remainder when 23654 is divided by 57?
56
Calculate the remainder when 8509 is divided by 71.
60
What is the remainder when 489517 is divided by 16?
13
Calculate the remainder when 2972 is divided by 193.
77
What is the remainder when 55388 is divided by 104?
60
Calculate the remainder when 510 is divided by 19.
16
Calculate the remainder when 317732 is divided by 29.
8
Calculate the remainder when 82198 is divided by 23.
19
Calculate the remainder when 101206 is divided by 698.
694
What is the remainder when 4262 is divided by 893?
690
Calculate the remainder when 120899 is divided by 50.
49
What is the remainder when 15579 is divided by 152?
75
Calculate the remainder when 3610 is divided by 468.
334
What is the remainder when 8229 is divided by 2743?
0
What is the remainder when 19847 is divided by 6573?
128
Calculate the remainder when 2903 is divided by 57.
53
What is the remainder when 30999 is divided by 15498?
3
Calculate the remainder when 91452 is divided by 222.
210
Calculate the remainder when 8819 is divided by 1229.
216
What is the remainder when 116877 is divided by 24?
21
Calculate the remainder when 8042 is divided by 2009.
6
Calculate the remainder when 339963 is divided by 17.
14
What is the remainder when 87891 is divided by 18?
15
What is the remainder when 233793 is divided by 33395?
28
What is the remainder when 43031 is divided by 1260?
191
What is the remainder when 4448 is divided by 1183?
899
What is the remainder when 85162 is divided by 716?
674
What is the remainder when 3113 is divided by 3080?
33
Calculate the remainder when 2418908 is divided by 2664.
2660
What is the remainder when 8154 is divided by 62?
32
Calculate the remainder when 410314 is divided by 124.
122
What is the remainder when 51205 is divided by 173?
170
What is the remainder when 8763 is divided by 16?
11
What is the remainder when 55436 is divided by 18359?
359
What is the remainder when 1432 is divided by 508?
416
Calculate the remainder when 9692 is divided by 404.
400
What is the remainder when 36751 is divided by 9186?
7
Calculate the remainder when 25038 is divided by 83.
55
What is the remainder when 644 is divided by 48?
20
Calculate the remainder when 9638 is divided by 1646.
1408
What is the remainder when 63790 is divided by 63747?
43
What is the remainder when 4768 is divided by 159?
157
Calculate the remainder when 5839341 is divided by 72.
69
Calculate the remainder when 292201 is divided by 20.
1
What is the remainder when 466 is divided by 365?
101
Calculate the remainder when 1958 is divided by 399.
362
What is the remainder when 25634 is divided by 203?
56
What is the remainder when 44042 is divided by 121?
119
Calculate the remainder when 31121 is divided by 52.
25
Calculate the remainder when 25504 is divided by 4.
0
Calculate the remainder when 350289 is divided by 11.
5
What is the remainder when 1326 is divided by 1289?
37
Calculate the remainder when 230972 is divided by